t(o) = -27*o**3 - 7*o**2 + 8*o + 6. Let f(j) = 5*c(j) + 8*t(j). Is f(-2) a composite number?
False
Let j(o) = 23*o**3 + 4*o**2 + 3*o - 7. Is j(4) a prime number?
False
Let t be 57/5 + (-6)/(-10). Let i be (0 + 2)/(t/18). Suppose -i*c - 78 = -4*a - 188, 3*a = -6. Is c a prime number?
False
Suppose c - 2*h - 17145 = 0, 2*h = -6*c + 8*c - 34298. Is c a prime number?
False
Suppose -3*m - 3*z = -4*z - 29229, -4*m - z = -38972. Is m prime?
True
Let u(q) = -18397*q**3 - 6*q**2 - 3*q + 3. Is u(-1) a composite number?
False
Let t(i) = 2*i**2 + 8*i - 5. Let l be t(-5). Suppose -g = -5*k - 953, -g - l*k - 2839 = -4*g. Is g a composite number?
True
Let t = 24 - 21. Suppose -z + t = 5. Is 0/z + -1 - -530 composite?
True
Let w(u) = -314*u - 173. Is w(-5) prime?
False
Suppose 7*b - 24 = 5*b. Is 2264/6 + (-4)/b prime?
False
Suppose -27 = -a - 2*a. Suppose -6 = -5*y + a. Suppose 2*z - 643 = -y*v, z - 864 = -4*v - 3*z. Is v a composite number?
False
Suppose -3*l = 2*o - 156095, 0 = 2*l + 2*l + 4*o - 208128. Is l composite?
True
Let c(m) = -17*m**3 + m**2 + 13*m - 10. Is c(-7) prime?
True
Let i = 6 - 3. Suppose -2*a = i*a - 140. Suppose -2*f + 4*q + a = -0*f, -114 = -5*f - q. Is f composite?
True
Let q(j) = -2*j**3 - 9*j**2 - 12*j + 8. Is q(-7) composite?
False
Let u be -7*5*(-54)/45. Let x = u - -175. Is x prime?
False
Let i be (-45)/(-30)*((-1214 - 1) + -1). Is i/(-9) + 4/12 composite?
True
Suppose 86 = -2*a - 5*c, -6*a + 2*a - 120 = -3*c. Is (-2 - -2333) + (-11)/(a/6) composite?
False
Suppose -5*a + k - 2*k + 8321 = 0, -5*k - 20 = 0. Suppose -q + 1104 = q - 4*c, a = 3*q - 3*c. Suppose 2*f - q = 16. Is f a composite number?
True
Let q(m) = -45*m - 106. Is q(-13) prime?
True
Suppose -52*o + 568410 = -22*o. Is o composite?
False
Suppose 2*i - 3946 = -9*a + 8*a, 1973 = i - a. Is i a prime number?
True
Suppose -u - 2774 = -r, -6*r + 5*u = -11*r + 13920. Is r a composite number?
True
Suppose -5*v - 16 = -9*v. Suppose 2*d - v*d = -12. Suppose -d*x + 4764 = -2*x. Is x a composite number?
True
Let s be ((-4)/2)/(10 - 11). Is ((s - 3) + 2)*159 a prime number?
False
Let o be 2/(4/4) + 66. Let n = o + 150. Is n a prime number?
False
Let q(f) = 372*f**2 - 23*f - 24. Is q(9) a composite number?
True
Is (-12)/9 + -5 + (-4648)/(-3) a prime number?
True
Let v(a) be the second derivative of 1/2*a**2 + 0 - 3*a - a**3. Is v(-7) a composite number?
False
Is 6 + -1 - (-2952 - 0) a composite number?
False
Suppose 0 = -36*a + 25*a + 469777. Is a prime?
False
Let r(m) = m**2 + 13*m + 6. Let f(n) = 2*n**2 + 25*n + 11. Suppose -t = -6 + 11. Let j(z) = t*r(z) + 3*f(z). Is j(10) composite?
True
Let k(y) = -y**3 + 7*y**2 + 8*y + 7. Let t be k(8). Let c(d) = d**3 - 4*d**2 + 7*d - 11. Is c(t) composite?
True
Suppose 0 = 5*v + t + 11805, -5*v + 2*t - 9655 = 2135. Is (0 - v/4) + -3 a composite number?
False
Suppose 17971 + 2661 = 8*w. Is w prime?
True
Let h(v) = -v - 9. Let t be h(-4). Let k(z) = z**2 + 6*z + 11. Let m be k(t). Is ((-3)/m)/(2/(-716)) prime?
True
Let c(q) = 658*q**2 + q - 1. Is c(2) composite?
False
Let q = 92665 + -48932. Is q composite?
True
Let q = -373 + 567. Let r = q + 251. Is r a prime number?
False
Let u = -3302 - -4703. Is u composite?
True
Suppose g = -4*j - 2*g + 11, -g = -4*j + 7. Suppose -j*w + 3 = -3. Suppose 0 = -2*m - 2*m - w*h + 907, 471 = 2*m + 5*h. Is m a prime number?
True
Let i(x) = -x**2 + 10*x - 30. Let h be i(10). Suppose -t + 138 = -95. Let l = t - h. Is l prime?
True
Let v(x) = -9*x**3 - 2*x**2 - x - 9. Let m(r) = -14*r**3 - 2*r**2 - r - 13. Let u(a) = -5*m(a) + 7*v(a). Suppose -5 + 20 = 5*w. Is u(w) a prime number?
True
Let a(j) = -2*j**3 - 3*j**2 - j + 3. Let o be a(-3). Let d = o + 16. Let b = d - -10. Is b a composite number?
False
Let d(r) = 3*r**2 - 4 + 125*r**3 + 6*r + 0*r**2 - 2 + 1. Is d(4) a composite number?
True
Is 1965 + -1 + 6/(-2) composite?
True
Suppose f + 1036 = 5*f. Suppose 5*h + 285 = -4*z, -3*h + 7*h + f = 3*z. Is -1 + -2 - h/1 a prime number?
False
Suppose -19480 = -44*a + 8284. Is a a composite number?
False
Let c be 12/(-3) - -3 - (-2 + -2585). Suppose 5*j - c = 2*j. Is j a prime number?
False
Suppose 0 = 3*p - o - 1178 - 2941, -5*o - 15 = 0. Suppose -d = h - 404, -2*d + p = -3*h + 554. Suppose -5*f = -20, 0*t - 2*t + d = f. Is t composite?
True
Suppose -185*x = -196*x + 26323. Is x a composite number?
False
Let y(i) = -2*i + 10. Let k be y(3). Suppose 2740 = v + 3*s, -k*s = v + s - 2746. Is v prime?
True
Let q(h) = 23*h**2 - h + 9. Let a(m) = -11*m**2 + m - 4. Let b(z) = -5*a(z) - 2*q(z). Let y be b(2). Suppose o + y = 177. Is o prime?
False
Let h be -2 - (-37 - 3 - 2). Suppose -2*a - 4*l = 12, 0 = -4*a - l + 2 - h. Let g(t) = t**3 + 9*t**2 - 13*t + 5. Is g(a) a prime number?
False
Let c = -24 - -4. Let p be (-44)/c - 1/5. Is -5 + p - -10 - -2 prime?
False
Suppose 4*m + m = -4*u + 39, -2*m + 10 = -4*u. Suppose -m*w - 23 + 261 = 0. Is w prime?
False
Suppose -10*k - 8*k = -442710. Is k a prime number?
False
Suppose 0 = -4*g - 3*x + 6*x - 21, 15 = 5*x. Let i = g - -68. Is i prime?
False
Let f = 29 - 32. Let g be 0/1 + (-1 - f). Suppose -g*p + 3*p - 321 = 0. Is p prime?
False
Suppose 5*d + 7 - 27 = 0, d = -4*g + 16. Suppose -g*p + 4 = -2*p. Suppose 0 = 8*b - p*b - 28. Is b composite?
False
Let n(a) = 42*a + 15. Let g(c) = 84*c + 30. Let r(x) = 2*g(x) - 5*n(x). Suppose -5 = 5*j - 20, -3*l = 3*j + 9. Is r(l) prime?
False
Suppose -b + 2*a = -5*b + 53302, 3*b + 3*a = 39984. Is b prime?
False
Let z be 28768/(-435) + 4/30. Let q = 26 + -49. Let w = q - z. Is w prime?
True
Let j = -1108 + 7839. Is j a prime number?
False
Suppose -897*l = -889*l - 142744. Is l prime?
False
Let p = 46 + 118. Suppose -2*a + 3*x = -p, x = -4*x. Is a a prime number?
False
Let o be (0/(1 + 3))/1. Suppose 46 + o = 2*f. Suppose -159 = -4*j - f. Is j prime?
False
Suppose 6*s = s - t + 311560, 5*s - 311580 = -5*t. Is s composite?
False
Let w = 7573 - 4116. Is w a prime number?
True
Let c(n) = 8*n**3 + 4*n**2 - 3*n + 1. Let z be c(3). Let o = 1441 + z. Is o a composite number?
True
Suppose -5*g + 20 = x, 3*x - 84 = -0*x - 3*g. Let q be (-6)/x + (-1786)/(-5). Suppose 5*u - q = 2*u. Is u prime?
False
Let b(t) = -3*t**2 - t + 2. Let a = 16 + -15. Let x be b(a). Let f(s) = -173*s - 5. Is f(x) prime?
False
Let c be 4/(-10) - (-187)/55. Let m be 4 - (12/c + 0). Suppose -a + 532 + 435 = m. Is a a composite number?
False
Let j = 1020 + -544. Suppose 5*p + 409 + j = 0. Let m = 400 + p. Is m composite?
False
Suppose 3*i = 12 + 9. Let s(f) be the second derivative of 13*f**3 - 5*f**2/2 + 13*f. Is s(i) prime?
True
Let b(x) = -x**3 - 4*x**2 + 5. Let p be b(-4). Let l(u) = -p - u + 2*u - 7*u. Is l(-7) prime?
True
Suppose 3*c = -2*h + 872, 7*c - 2*h - 1158 = 3*c. Suppose -c + 1098 = t. Suppose 5*w + 5*b - 202 = t, 0 = -w + 4*b + 187. Is w prime?
True
Let m be 3*(0 - (-2 + 0)). Let j be ((-46)/m)/((-7)/(-21)). Let c = -10 - j. Is c prime?
True
Let u(s) = 8*s**2 - 10*s + 10. Suppose -72 = 2*b - 8*b. Is u(b) prime?
False
Let o(m) = 121*m**2 - 1. Let q be o(-1). Let s be (-106)/2*8/(-8). Let c = q - s. Is c a prime number?
True
Let n be ((-270)/(-50))/(4/(-885))*-4. Let s = n - 2848. Is s a prime number?
True
Let x(i) = 6*i**2 - 9*i - 28. Is x(-19) composite?
False
Let c(y) = -42518*y + 15. Is c(-1) prime?
True
Suppose -4*j - d - 4*d + 2712 = 0, 2033 = 3*j + 4*d. Suppose 0 = 5*i + 15, 4*i = 2*u + i - j. Is u a prime number?
True
Suppose -12251 - 3247 = -6*v. Suppose 4*x - 157 = v. Is x composite?
True
Let f(y) = -13*y**2 - 4*y - 5. Let r be f(-3). Let a = r - -172. Is a composite?
True
Let p(a) = 8*a**3 + 5*a**2 - 5*a - 5. Is p(12) a composite number?
False
Let y(o) be the first derivative of -o**2/2 - 4*o + 3. Let i be y(-6). Suppose 7 - 21 = -i*v. Is v composite?
False
Suppose 1999 = 4*u - 3*i, 0 = -4*u - u - 2*i + 2493. Is u prime?
True
Let y(j) = 41*j**2 + 2*j + 2. Let t = -93 + 47. Let f be t/(-14) + (-16)/56. Is y(f) composite?
True
Let m = 18 - -43. Let k be m/(-7) + 2/(-7). Is k/(-2)*70/21 a prime number?
False
Let w(g) = g**3 + 5*g**2 + 6*g + 6. Let q be w(-4). Let a be (-2)/(q*4/20). Suppose -4*v - a*b = -804, -2*b - 109 = -v + 92. Is v prime?
False
Let g(v) = 12*v**2 - 19*v + 154. Is g(17) prime?
True
Let r(v) = v**3 - 12*v**2 - 10*v - 34. Let w be -1 + 0 + 14 + 2. Is